 30 = 5*k, -k - 7 = -4*w + 8. List the prime factors of w.
3
Let y(z) = z**2 - 3*z - 4. Let s be y(-4). Let p = s + -14. What are the prime factors of p?
2, 5
Suppose 4*c - 2*m - 338 = 0, 2*c - m = -2*m + 171. List the prime factors of c.
5, 17
Let w be 5/(-20) - 78/8. Let x be (-110)/(-4)*(-8)/w. Suppose 5*q = 3*a + 29, a = -4*q + x - 9. What are the prime factors of q?
2
Let q(r) = -r**2 - 2*r + 42. Let y be 21/(-35) - (-3)/5. What are the prime factors of q(y)?
2, 3, 7
Let s be (-1)/((-2)/4) + 2. Let n = s - -8. List the prime factors of n.
2, 3
Let b(o) = 7*o - 11. What are the prime factors of b(7)?
2, 19
Let b be 468/27 + (-4)/(-6). Suppose -r = -0*r - b. What are the prime factors of r?
2, 3
Suppose 4*i = -3*h + 252, 5*i - 290 = -5*h + 135. List the prime factors of h.
2, 11
Let g(b) = 2*b - 5*b - 4*b - 3. What are the prime factors of g(-2)?
11
Suppose -16*h = -21*h + 445. List the prime factors of h.
89
Let r = 106 + 11. What are the prime factors of r?
3, 13
Let z(c) = 7*c - 63. What are the prime factors of z(24)?
3, 5, 7
Let j = 26 + -11. What are the prime factors of j?
3, 5
Suppose -3 = s + 1. Let m be (-2)/4 + 2/s. What are the prime factors of (1 - 3)*m/1?
2
Let d(i) = 10*i**2 - 2*i. What are the prime factors of d(2)?
2, 3
Suppose 0*j = -2*j - 2*b - 6, -7 = 5*j - 3*b. Let n = j - -8. What are the prime factors of (-9 + 0)*(-4)/n?
2, 3
Let j = 90 + -29. List the prime factors of j.
61
Let i(b) = b**3 - b**2 + 1. Let a be i(1). What are the prime factors of ((-8)/(-1))/a - 0?
2
What are the prime factors of (-255 + 1)*(-15)/30?
127
Let v(n) = 2*n**3 - 11*n**2 - n + 16. What are the prime factors of v(6)?
2, 23
Suppose -3*f - 4*n - 6 = 0, -n = -f + 2*n - 2. Let w be 0/(f*1/(-1)). Suppose w*b - 44 = -4*b. What are the prime factors of b?
11
Let x be -5*16/(-3)*-3. Let s be (-6)/(-21) + x/(-14). What are the prime factors of 74/6 + (-2)/s?
2, 3
List the prime factors of ((-1)/(-3))/(3/1269).
3, 47
Let z(q) = -q**3 - q**2 - q + 10. Let r be z(0). Let i = 16 - r. List the prime factors of i.
2, 3
Let n(r) = r**2 - r. Let f(y) = -2*y**2 - 3. Let v(o) = f(o) + 4*n(o). Let k be v(-5). Suppose -k = -4*h - 11. List the prime factors of h.
2, 7
Let j be (-1503)/(-18) + 1/2. Suppose -4 = -2*n + j. List the prime factors of n.
2, 11
Suppose 2*w - 38 = -2*l, 3*l + 104 = 4*w - 0*l. List the prime factors of w.
23
Let i(k) = 4*k + 18. What are the prime factors of i(6)?
2, 3, 7
Let d(v) = 2*v + 5. Let i be d(-6). Let z(x) = -2 - 6*x + 4*x + x. What are the prime factors of z(i)?
5
Suppose -2*d + 2*x = -36, 3*d + 2*x + x = 42. Suppose -d + 56 = 4*m. List the prime factors of m.
2, 5
Let i(h) be the first derivative of -5*h**2 - 10*h - 5. What are the prime factors of i(-4)?
2, 3, 5
Suppose 0 = -5*l + 32 - 7. What are the prime factors of l?
5
Let b(r) be the first derivative of -r**2/2 + 28*r - 16. Suppose 0*c = -4*c + 52. What are the prime factors of b(c)?
3, 5
Suppose 0*y + k - 1 = -y, 3*y = -5*k + 1. Let n(s) be the third derivative of 3*s**4/8 - s**3/3 - s**2. What are the prime factors of n(y)?
2
Suppose -4*w - 488 = -5*y, 2*y - w = 2*w + 191. What are the prime factors of y?
2, 5
Let v be ((-8)/20)/((-1)/(-5)). List the prime factors of 34 - 6/4*v.
37
List the prime factors of 247 - (22/18 - (-18)/(-81)).
2, 3, 41
Let b = 17 + -15. Let y(p) = 17*p + 1. List the prime factors of y(b).
5, 7
Suppose -2*d - 45 = 4*z - 5, 0 = -3*z + 5*d - 30. Let f(b) = b - 5. Let y(q) = q - 6. Let g(x) = -4*f(x) + 3*y(x). List the prime factors of g(z).
2, 3
Let n = 11 + -9. Suppose -4*m + 31 = p, -m - p = -2 - n. What are the prime factors of m?
3
Suppose 6 - 18 = -4*h. Suppose -4*b + 5*q + 0*q = -57, -2*q = h*b - 14. Let m = -6 + b. List the prime factors of m.
2
Let l = -55 - -189. What are the prime factors of l?
2, 67
Suppose -b - 2 = -5. Suppose -17 = -a - 4*y, a - b = 2*y + y. List the prime factors of a.
3
Let i(y) = -y**2 - 6*y - 6. Let v be i(-6). What are the prime factors of 6/(-18) + (-188)/v?
31
Let l = 12 + 22. List the prime factors of l.
2, 17
Let m = 1 - -1. Suppose 7*i - 2*i - 185 = m*q, 4*q - 111 = -3*i. What are the prime factors of i?
37
Let q = -44 - -103. What are the prime factors of q?
59
Suppose -2*a + 65 = -u, 4*u + 50 = -0*a + 2*a. Let w = 58 - a. What are the prime factors of w?
23
Suppose 0 = 4*y - 374 + 66. What are the prime factors of y?
7, 11
Let q(o) = -o**2 + o + 6. Let m be q(0). Suppose y - m = -2*y. What are the prime factors of y?
2
List the prime factors of 3 + ((-212)/4)/(-1).
2, 7
Suppose -5*j + 5*n - 15 = -j, -3*n = 5*j + 65. Let m = 25 + j. List the prime factors of m.
3, 5
Suppose -4*k - 5*a + 27 = 0, 5*k + 3*a + 1 = 25. Suppose n = -0*n + k. Let p(o) = o**2 + 1. What are the prime factors of p(n)?
2, 5
What are the prime factors of (-8285)/(-40) + 4/(-32)?
3, 23
List the prime factors of (13/2)/((-16)/(-320)).
2, 5, 13
Suppose h - 68 = 5*f, 0*h = -4*h - 2*f + 272. What are the prime factors of h?
2, 17
Let k(p) = 3*p**2 - 8*p - 10. What are the prime factors of k(-5)?
3, 5, 7
Let i(q) = -q. Let a(r) = -24*r. Let g = -132 + 216. Let d(m) = g*i(m) - 3*a(m). List the prime factors of d(-1).
2, 3
Let c(p) = -2*p + 1. Let o = -4 + -2. Let f = o - -4. List the prime factors of c(f).
5
Let a(l) = -2*l + 5*l + 2 + 3 - 3. What are the prime factors of a(2)?
2
Let a(d) = -d**2 - 4*d + 7. Let u be a(-5). Suppose 2*p - 56 = -u*p. List the prime factors of p.
2, 7
Suppose 3*u - 124 = 389. What are the prime factors of u?
3, 19
Let b(g) = g**2 + 18. List the prime factors of b(-8).
2, 41
Let j = -148 + 208. Let f = -35 + j. What are the prime factors of f?
5
Let o = -102 + 150. What are the prime factors of o?
2, 3
Let h = 0 - -1. Let n(t) = -t**3 + 10*t**2 - 4*t + 14. Let l be n(10). What are the prime factors of l/(-2) - 1/h?
2, 3
Suppose 9 = -3*f + n - 7, f = 5*n - 10. Let w(c) = 2*c + 7. Let t be w(f). List the prime factors of 3 + 7 + 2 - t.
3, 5
Let s(i) = 113*i - 3. What are the prime factors of s(1)?
2, 5, 11
Let o(a) = -a**2 + 10*a - 2. Let z be (-2)/(-5) - 129/(-15). List the prime factors of o(z).
7
Let i = -51 - -103. What are the prime factors of i?
2, 13
Let y = -2 + 4. Suppose 2*i = y - 0. Suppose 5 - i = h. List the prime factors of h.
2
Let w = 14 + -8. Let i be ((-2)/3)/(w/36). List the prime factors of -10*(3 - (-18)/i).
3, 5
Suppose m + 15 = -4*m. Let h be m/(-9)*(2 + 1). Suppose 2*z + h - 13 = 0. List the prime factors of z.
2, 3
Let t(k) = 10*k**3 - k**2 - k + 1. Let r be t(1). Suppose y - 11 = -r*f + 4*f, 0 = f - 1. List the prime factors of y.
2, 3
Let g(k) = k**2 + 8*k - 1. Let z be g(-10). List the prime factors of 1*(z - (2 + -2)).
19
Let j(n) = -n + 1. Let c be j(1). Suppose c = 3*t - 35 - 10. List the prime factors of t.
3, 5
Suppose 3*g = -2*z + 44 + 22, 0 = -5*z + 15. Suppose -55 = -5*u + g. List the prime factors of u.
3, 5
List the prime factors of (-1)/2*(-102)/3.
17
Let r be (-64)/(-3) + 1/(-3). List the prime factors of r + (-3 - -2) + 3.
23
Let u(q) = -q**3 + q**2. Let z be u(0). Suppose -4*v = -0*j - j - 52, -5*j = z. List the prime factors of v.
13
Let y(o) = o**3 + 8*o**2 - o - 6. Let r be y(-8). Suppose -2 = r*h + 2. What are the prime factors of h/7 + 102/14?
7
List the prime factors of 7 + -3 + -2 + 2.
2
Suppose -5*n - f - 220 = 0, -3*n - 3*f = -0*n + 120. Let b = n + 63. What are the prime factors of b?
2, 3
Let f be 110 + -4 + (1 - -3). Let y = -60 + f. What are the prime factors of y?
2, 5
Suppose 2*c = -4*q + 588, -q - 5*c + 97 = -59. List the prime factors of q.
2, 73
Let k be (-36)/(-2)*(-9)/(-18). Suppose -h = -2*h + k. What are the prime factors of h?
3
Let m(y) = -y + 1. Let l(g) = 14*g - 14. Let d(f) = -l(f) - 12*m(f). Suppose 3*h + 10 = h. What are the prime factors of d(h)?
2, 3
Suppose -o = -5*x + 2*o + 97, -35 = -2*x + 5*o. Suppose 0 = -4*p + x - 0. Suppose 0 = -p*g + 6 + 19. What are the prime factors of g?
5
Let z be (-48)/(-26) - (-24)/156. Suppose -5*p + 31 = 4*c, z*p = 2*c - 3*p - 53. What are the prime factors of c?
2, 7
Let s(t) be the first derivative of t**3/3 - 4*t**2 + 10*t + 1. Let l be s(7). Suppose -d = l*d - 20. List the prime factors of d.
5
List the prime factors of 8/6*(-4917)/(-22).
2, 149
Suppose -q = 2*t - 454, 5*t - 4*t = -5*q + 236. List the 